 of 3344309.
29, 115321
List the prime factors of 37456466.
2, 23, 179, 4549
What are the prime factors of 1342393?
13, 31, 3331
List the prime factors of 24926894.
2, 23, 541889
List the prime factors of 628408.
2, 11, 37, 193
List the prime factors of 110011.
11, 73, 137
List the prime factors of 121633.
121633
List the prime factors of 4996583.
431, 11593
List the prime factors of 196312.
2, 53, 463
List the prime factors of 2682149.
47, 149, 383
What are the prime factors of 2958046?
2, 7, 13, 16253
List the prime factors of 1616881.
7, 19, 12157
What are the prime factors of 583812?
2, 3, 16217
List the prime factors of 951269.
11, 17, 5087
What are the prime factors of 15295351?
47, 421, 773
List the prime factors of 265862.
2, 307, 433
What are the prime factors of 305021?
305021
List the prime factors of 5077508.
2, 1269377
What are the prime factors of 150817?
67, 2251
List the prime factors of 27656507.
27656507
List the prime factors of 1158024.
2, 3, 7, 61, 113
List the prime factors of 435844.
2, 108961
List the prime factors of 70217.
7, 1433
List the prime factors of 7652874.
2, 3, 67, 19037
List the prime factors of 1713813.
3, 29, 19699
List the prime factors of 20532209.
17, 409, 2953
What are the prime factors of 1058107?
1058107
List the prime factors of 303042.
2, 3, 17, 2971
What are the prime factors of 1717320?
2, 3, 5, 11, 1301
What are the prime factors of 4299628?
2, 1074907
List the prime factors of 108433.
13, 19, 439
List the prime factors of 2594101.
23, 112787
What are the prime factors of 2449460?
2, 5, 13, 9421
List the prime factors of 18613138.
2, 797, 11677
What are the prime factors of 6468401?
6468401
What are the prime factors of 282237?
3, 94079
What are the prime factors of 491715?
3, 5, 7, 223
What are the prime factors of 183900?
2, 3, 5, 613
What are the prime factors of 539183?
31, 17393
List the prime factors of 152658.
2, 3, 11, 257
What are the prime factors of 10391803?
19, 546937
What are the prime factors of 489453?
3, 163151
What are the prime factors of 1659821?
19, 87359
What are the prime factors of 3010331?
241, 12491
List the prime factors of 113595.
3, 5, 7573
List the prime factors of 287634.
2, 3, 47939
List the prime factors of 2567312.
2, 11, 29, 503
List the prime factors of 625311.
3, 17, 61, 67
What are the prime factors of 1534572?
2, 3, 13, 1093
List the prime factors of 481880.
2, 5, 7, 1721
List the prime factors of 435462.
2, 3, 72577
What are the prime factors of 5990774?
2, 83, 151, 239
What are the prime factors of 468752?
2, 29297
List the prime factors of 3259643.
3259643
What are the prime factors of 5109958?
2, 7, 364997
List the prime factors of 225104.
2, 11, 1279
List the prime factors of 8023368.
2, 3, 181, 1847
What are the prime factors of 282755?
5, 11, 53, 97
List the prime factors of 3926457.
3, 436273
List the prime factors of 14825.
5, 593
List the prime factors of 133965.
3, 5, 13, 229
List the prime factors of 742834.
2, 371417
List the prime factors of 2101204.
2, 7, 101, 743
List the prime factors of 650702.
2, 13, 29, 863
List the prime factors of 2034284.
2, 7, 97, 107
What are the prime factors of 2184683?
89, 24547
What are the prime factors of 21501328?
2, 17, 137, 577
What are the prime factors of 1530024?
2, 3, 37, 1723
What are the prime factors of 30439101?
3, 7, 11, 131771
List the prime factors of 1068379.
13, 82183
What are the prime factors of 94496?
2, 2953
List the prime factors of 1954043.
7, 13, 109, 197
List the prime factors of 83018.
2, 13, 31, 103
List the prime factors of 439066.
2, 219533
What are the prime factors of 6854750?
2, 5, 7, 3917
List the prime factors of 2497992.
2, 3, 7, 14869
List the prime factors of 802528.
2, 31, 809
List the prime factors of 966232.
2, 120779
List the prime factors of 1402051.
7, 200293
List the prime factors of 20470791.
3, 11, 71, 8737
List the prime factors of 28382470.
2, 5, 2838247
What are the prime factors of 581324?
2, 19, 7649
List the prime factors of 251630.
2, 5, 25163
What are the prime factors of 1034685?
3, 5, 22993
What are the prime factors of 201471?
3, 67157
What are the prime factors of 3145064?
2, 13, 30241
What are the prime factors of 2567066?
2, 317, 4049
List the prime factors of 518242.
2, 259121
List the prime factors of 2357040.
2, 3, 5, 7, 23, 61
List the prime factors of 2033280.
2, 3, 5, 353
What are the prime factors of 693669?
3, 231223
List the prime factors of 3346421.
13, 59, 4363
What are the prime factors of 276552?
2, 3, 23, 167
List the prime factors of 6382089.
3, 7, 17, 59, 101
List the prime factors of 303248.
2, 11, 1723
What are the prime factors of 208563?
3, 19, 3659
What are the prime factors of 605756?
2, 199, 761
What are the prime factors of 9612014?
2, 61, 78787
List the prime factors of 28042884.
2, 3, 29, 26861
What are the prime factors of 1632874?
2, 29, 47, 599
List the prime factors of 124.
2, 31
What are the prime factors of 3764703?
3, 157, 7993
What are the prime factors of 3393062?
2, 419, 4049
What are the prime factors of 24249107?
23, 1054309
List the prime factors of 790351.
790351
What are the prime factors of 3280188?
2, 3, 273349
What are the prime factors of 1314916?
2, 17, 61, 317
What are the prime factors of 2796750?
2, 3, 5, 11, 113
What are the prime factors of 792080?
2, 5, 9901
What are the prime factors of 1166279?
1069, 1091
List the prime factors of 488727.
3, 23, 787
What are the prime factors of 4366007?
4366007
List the prime factors of 382607.
53, 7219
What are the prime factors of 373414?
2, 186707
List the prime factors of 4058512.
2, 17, 43, 347
List the prime factors of 3644404.
2, 911101
What are the prime factors of 14396215?
5, 2879243
List the prime factors of 731227.
7, 14923
List the prime factors of 32151745.
5, 43, 149543
What are the prime factors of 81652?
2, 137, 149
What are the prime factors of 9539078?
2, 4769539
List the prime factors of 199516.
2, 31, 1609
List the prime factors of 107555.
5, 7, 439
What are the prime factors of 7222230?
2, 3, 5, 23, 1163
List the prime factors of 914250.
2, 3, 5, 23, 53
List the prime factors of 1676457.
3, 6899
List the prime factors of 17265.
3, 5, 1151
What are the prime factors of 4605333?
3, 1535111
List the prime factors of 198622.
2, 47, 2113
What are the prime factors of 178637?
41, 4357
List the prime factors of 448311.
3, 29, 5153
List the prime factors of 3856591.
3856591
List the prime factors of 1628281.
19, 43, 1993
List the prime factors of 3209998.
2, 11, 53, 2753
List the prime factors of 671680.
2, 5, 2099
List the prime factors of 2753337.
3, 17, 53987
What are the prime factors of 3353509?
463, 7243
List the prime factors of 34688380.
2, 5, 31, 55949
What are the prime factors of 50222?
2, 25111
List the prime factors of 27541038.
2, 3, 7, 113, 829
List the prime factors of 2521536.
2, 3, 23, 571
List the prime factors of 41465.
5, 8293
What are the prime factors of 14477711?
14477711
List the prime factors of 5442584.
2, 7, 17, 5717
List the prime factors of 662192.
2, 41387
List the prime factors of 428096.
2, 6689
What are the prime factors of 158721?
3, 191, 277
List the prime factors of 10054605.
3, 5, 11, 60937
List the prime factors of 1409247.
3, 7, 22369
What are the prime factors of 30583112?
2, 7, 31, 79, 223
What are the prime factors of 385668?
2, 3, 3571
What are the prime factors of 2137402?
2, 1068701
List the prime factors of 548324.
2, 7, 19583
List the prime factors of 24238800.
2, 3, 5, 6733
List the prime factors of 72505.
5, 17, 853
List the prime factors of 245750.
2, 5, 983
What are the prime factors of 499469?
47, 10627
What are the prime factors of 226674?
2, 3, 7, 257
List the prime factors of 4139625.
3, 5, 7, 19, 83
What are the prime factors of 364969?
11, 33179
List the prime factors of 302571.
3, 33619
List the prime factors of 12187.
7, 1741
List the prime factors of 166352.
2, 37, 281
What are the prime factors of 1981140?
2, 3, 5, 7, 53, 89
What are the prime factors of 18081245?
5, 7, 13, 811
What are the prime factors of 3399018?
2, 3, 7, 80929
List the prime factors of 10644235.
5, 7, 179, 1699
List the prime factors of 2013982.
2, 1006991
What are the prime factors of 1874861?
67, 27983
List the 